s the value of (2 - -2) + 7 + -9 + 4?
6
What is 4 + -2 + -7 - -4?
-1
What is 2 + (0 - 4) - (-1 + 1)?
-2
What is -3 + (18 - 6 - 2)?
7
Evaluate -1 + 5 - (8 + -7 + 0).
3
Evaluate 2 + 0 + 20 + -21 - -5.
6
What is the value of -99 - -99 - (-1 - 0 - 0)?
1
-11 + (-4 - (-2 + -9))
-4
Calculate 2 + (-4 - 1) + 3.
0
Calculate -5 + 10 + -1 - 8.
-4
What is the value of 1 + 5 - 3 - (-3 + 0)?
6
Evaluate (-5 - -3) + 15 + -19.
-6
Calculate (-8 - -21 - 11) + (-1 - 3).
-2
-6 + 1 + (6 - -4)
5
What is the value of 4 + (5 - 3) + -6?
0
What is the value of -2 - (0 + -1 + 5 + -2)?
-4
What is (3 - 3 - 1) + (-2 - -5)?
2
Evaluate 8 + (14 - 12) + -1 + -7.
2
Calculate 4 + 1 + 14 + -12.
7
What is the value of 6 - (0 + (-2 - -4))?
4
-14 - -6 - (-3 - 2)
-3
Evaluate 0 + -3 - (-2 + 3).
-4
Evaluate (5 - (7 + -9) - 4) + -5.
-2
-12 + 15 + 2 + -7
-2
Calculate 4 + -4 - (-2 - -1 - -3).
-2
What is the value of (-5 - (2 + -1)) + 1?
-5
What is -3 + 2 - (5 + 5 + -5)?
-6
Evaluate 2 - ((15 - (-4 - -6)) + -5).
-6
Evaluate (-1 - -1 - 0) + -5 + 6.
1
What is the value of (-3 - (9 - 2)) + 4?
-6
Calculate (-3 - 5) + 3 + (-1 - -2).
-4
0 + -1 - -4 - (98 - 94)
-1
Calculate 1 + -2 + 6 - 3.
2
What is 3 - (2 + (3 - 0))?
-2
3 + (-3 - (-4 - -6)) + -3
-5
7 + (3 - ((-7 - -4) + 10))
3
-1 + 12 - (15 - 11)
7
3 - ((-5 - -5) + -1 + -1)
5
What is -3 + 1 + -1 + 0 + 3?
0
What is 2 + 5 + 5 + -3 + -4?
5
Evaluate 1 - 2 - (-2 - (22 + -17)).
6
Evaluate -9 + (9 - (5 - 12)).
7
Evaluate 1 + (-4 - 1) + 0.
-4
9 + -7 + (-4 + -3 - 4)
-9
Evaluate 3 - 11 - (5 - 7 - 2).
-4
Calculate -1 - -2 - (16 + -5 - 11).
1
Calculate (-5 - -1) + (4 - 0).
0
-2 + (1 - -2 - -3)
4
What is (5 + -9 - -5) + 5?
6
Calculate -10 - -5 - -2 - -2.
-1
What is -1 - (1 - (2 - (-3 + 2)))?
1
(5 + -2 - 1) + 49 + -44
7
Evaluate 16 + (-8 - -7) - 10.
5
7 - (8 + -5) - (1 + 3)
0
(5 - 10) + (1 - 1)
-5
Evaluate -18 + 9 + 3 - -10.
4
What is -2 - (-8 + 3 + 0)?
3
Evaluate -1 - 3 - (8 + 3 + -14).
-1
-5 - (5 + (-1 + 1 - 4))
-6
Evaluate (-3 - (8 + -9 - 7)) + -7.
-2
Evaluate 5 + -2 - 4 - (4 + -1).
-4
0 - (-2 - 0) - (0 + 1)
1
(-1 - -8) + (-12 - -15)
10
What is the value of 124 + -112 - (-1 + 10)?
3
(15 - (33 + -9)) + 1 + -2
-10
Evaluate -4 + -4 + 2 + (1 - -2).
-3
What is 1 - -5 - 4 - -1?
3
Calculate -5 + (0 - (5 + -8)).
-2
Evaluate 1 - 6 - -2 - (4 + -2).
-5
21 + -12 - (2 + 2)
5
4 + -12 + 14 + -11
-5
Calculate -2 + (6 - 4) + -1 - 6.
-7
Calculate -1 - (-2 - (2 + -4)).
-1
Evaluate (2 - 0) + -3 + -2.
-3
What is the value of -9 + (19 - 5) - 5?
0
Evaluate -6 + 0 - ((9 - -1) + -11).
-5
What is the value of 17 + 3 + -8 + (16 - 23)?
5
What is the value of 8 - (2 + 1) - (-1 - -3)?
3
What is -5 + 4 + -3 + 8 + -10?
-6
What is 14 - (-5 + 9 + -4 + 8)?
6
What is the value of 11 - (-8 + 13 - 0)?
6
(6 + -7 - -2) + -1
0
Calculate (-4 - 7) + (8 - -3).
0
What is 4 + -3 + (-5 - -4)?
0
What is the value of (8 - 9) + 5 + 1?
5
Evaluate 0 - (1 + (0 + 1 - -1)).
-3
2 + (-1 - (1 - 3 - -5))
-2
What is the value of -3 - (-1 - 2 - -5)?
-5
Evaluate (-2 - 0) + 3 + 0 + -2.
-1
Evaluate 6 + (-19 - -7) - -12.
6
Evaluate -8 + 1 + 11 + 0.
4
(-2 - (-4 - -4)) + 1
-1
6 - (3 + 1 - (4 + 1))
7
-4 - (4 + (-10 - -5))
-3
Calculate (-2 + 6 - -1) + -72 + 64.
-3
Calculate 1 + -3 + 6 - (0 + -4).
8
(2 - -2) + -8 + 1
-3
What is the value of -3 + (0 + -3 - -6)?
0
What is the value of 1 + (1 - 2 - (-3 - -7))?
-4
8 + 8 + (-6 - 4)
6
What is -7 + 0 + (-5 - -4 - -5)?
-3
What is the value of 2 + 2 - ((-13 - -7) + 8)?
2
Calculate (-2 + -3 + 13 - 6) + -6.
-4
Calculate 2 - (-2 - -1 - -8) - -3.
-2
What is 0 + (6 + -10 - 1)?
-5
What is 2 + (7 - 3 - 6)?
0
-4 - (-9 + 23 + -8)
-10
What is (8 - (-2 - -6)) + -10?
-6
What is -8 + 5 + 1 - -1?
-1
-12 - -15 - (0 - (1 - 2))
2
Calculate 11 - (5 + -3 + 5).
4
(0 - -1) + 18 - 10
9
What is the value of (7 - 3) + -2 + 1?
3
What is (2 - 3) + 12 - 6?
5
Evaluate 9 - ((-6 - -4) + 9).
2
Evaluate -4 + (-4 - (-5 + 4) - -5).
-2
What is the value of -2 - ((-1 - -4 - 3) + -2)?
0
1 + -2 + 0 + (-34 - -32)
-3
Evaluate -9 - (-1 - 4 - -2).
-6
Evaluate 6 + (-8 - 2) - -6.
2
What is 8 + -8 + 1 + 1?
2
What is -66 + 63 - (0 + -1 - -3)?
-5
Calculate -4 + (0 - -5 - -4) + -2.
3
Calculate (2 - 0 - 7) + 9 - -4.
8
Evaluate -7 - (-16 - (-2 - 2)).
5
What is -7 + (12 - 6) - (1 - 3)?
1
Calculate 5 - 4 - (-1 + 6).
-4
Calculate -4 + 3 + 0 - -2.
1
Evaluate -19 + -9 + 17 - -6.
-5
Calculate 7 + (-3 + 7 - (3 - -3)).
5
What is -4 - -4 - (-1 - -3)?
-2
(-2 - (-9 + -1)) + -9
-1
Evaluate -4 + (12 - (-1 + 2 - -2)).
5
-5 - (-9 - 7 - -10)
1
Evaluate (-4 - (9 - 10)) + -2 + 5.
0
Calculate (0 - -1) + -7 + (-8 - -16).
2
Evaluate -18 + 27 + -10 + (0 - -6).
5
Calculate 5 + -10 + 5 + 9 + -7.
2
Evaluate (-23 - -20) + (0 - 2).
-5
Evaluate 1 - (-6 + 4 + -5 + 3).
5
What is (-197 - -194) + 1 + -1 + -4?
-7
-42 + 45 + (3 - (2 + 3))
1
26 + -27 - (-1 + 1)
-1
Evaluate -7 - (-5 + (-5 - -7) + -6).
2
-3 + (-6 - (-14 + 6))
-1
Calculate (5 - 1) + -18 + 1 + 5.
-8
What is 2 + -5 + 0 - (23 - 25)?
-1
Evaluate -1 + -3 + 4 + -2 + -2.
-4
-8 + -4 + 12 + -2
-2
Calculate 15 - (19 - 3 - 7).
6
4 + 1 + -1 + -6 - 5
-7
What is -9 + 10 + 1 + -9?
-7
Calculate -7 - -9 - 0 - 1.
1
What is the value of -3 + 1 - ((-3 - 1) + 7)?
-5
What is 0 - ((2 - 4) + -4) - 5?
1
What is 4 + (4 - ((11 - 5) + 0))?
2
Evaluate 7 - (2 + -1 - -2).
4
What is -13 + -8 + 19 + 0 + -3?
-5
8 + (-2 - -4) + 6 + -24
-8
-4 - (-18 + 9) - (-2 + 2)
5
What is the value of -9 + 22 + 1 + -14?
0
What is the value of -5 - ((1 - 3 - 0) + 1)?
-4
What is -1 + -4 + (7 - 0)?
2
Evaluate 3 + (6 - (9 - 1)).
1
What is the value of 1 + -3 - (-37 + 39)?
-4
4 - (-2 - -6 - 3)
3
(-3 - -1 - (-38 + 34)) + -6
-4
Calculate 3 - (9 - 5 - 3).
2
Evaluate -3 + (-1 - -2) + 3.
1
Calculate 0 + -2 - (0 + 0).
-2
-4 - (6 + (-19 - -8))
1
What is -2 - -1 - 1 - (-22 + 16)?
4
7 + (2 + 3 - 6) + -3
3
What is -9 - (-7 + -6 + 3)?
1
Calculate (0 - -5) + (-43 - -42).
4
Evaluate 1 + -2 - (6 + -10).
3
(0 - 5) + (30 - (-6 - -25))
6
What is (-1 - 4) + 1 - -3?
-1
What is the value of 6 + -4 + 3 + -10?
-5
What is the value of -1 + -1 - (3 + -2)?
-3
What is the value of 12 - (6 + 3) - (-1 - -6)?
-2
Evaluate (15 - 21) + 1 + -3 + 7.
-1
Evaluate (-13 - 1) + (2 - -10 - 7).
-9
-7 - (9 - (3 - -4))
-9
5 - (-3 + 8 + 4 + -1)
-3
What is the value of (10 - (5 + 0)) + -6?
-1
(3 - 11) + 5 + 3 + 2
2
Calculate 2 - (9 + (3 - 6)) - -3.
-1
Evaluate -11 - (-3 - (9 + -5)).
-4
What is the value of -20 + (-3 - -18) + -2?
-7
-1 - (-12 - -9 - 0)
2
Evaluate 8 + -4 - 1 - 4.
-1
What is the value of 1 - 0 - -4 - 0?
5
2 - (1 + 7 + -1)
-5
Evaluate -1 - ((-4 - -2) + 3).
-2
What is -5 - (4 - (11 + -2 + -8))?
-8
What is the value of 13 + -15 - (-1 - (-2 - -5))?
2
What is the value of 2 + 0 + 0 - (8 + -4)?
-2
What is the value of (0 - -1) + (-5 - -6)?
2
Calculate -10 - -8 - 5 - (-3 + -1).
-3
(4 - (5 - -4)) + -20 + 19
-6
What is (-7 - -4) + -1 + (3 - -1)?
0
Calculate -1 - (-2 + (0 - 6 - -2)).
5
Evaluate (1 - -2) + 2 - (-21 - -35).
-9
-1 + 0 + 0 + -54 + 56
1
What is 0 + -1 + 4 + -6?
-3
Evaluate (-161 - -158) + 4 + 1.
2
Evaluate (-4 - -6) + (1 + -4 - -2).
1
Calculate 0 + (11 - 10) + 0 + -1.
0
What is -1 + 0 - (1 + -4 - -2)?
0
What is the value of 2 - (-4 - (0 - -3 - 13))?
-4
-3 + 4 - -1 - (1 - -1)
0
What is -4 + 10 + -6 + 5?
5
1 + -7 + 2 - 1
-5
Calculate (4 - (3 + 1)) + 4 - 11.
-7
What is the value of 2 + (4 - (-2 + 2 + 4))?
2
Evaluate -5 - (3 - (0 - (1 - 5))).
-4
What is the value of -1 - (10 + -6 + 1) - -14?
8
-20 + 5 + 22 + -11
-4
Evaluate -5 - -7 - -5 - (7 - 3).
3
Evaluate (-10 - (-8 - 10)) + -5.
3
What is 0 - 2 - (-5 - (-3 + 0))?
0
What is the value of -9 + (16 - 1) + (0 - 3)?
3
5 + 0 - 15 - 0 - -4
-6
18 + -7 - 7 - -1
5
What is 8 - (-8 + 5) - (3 + 1)?
7
What is -1 - (5 + -2 + 0)?
-4
Evaluate -4 + (-2 - (0 + -1 + -1)).
-4
What is the value of (-4 - (-8 - -8)) + 6 + 0?
2
Evaluate -11 - -1 - (-4 - 5).
-1
What is -5 + (1 - (-4 + 10) - -8)?
-2
12 - (2 + 10) - 11
-11
What is the value of (-1 - (2 - (-3 + 1))) + 0?
-5
What is 6 + (-4 - -3) - (4 - 0)?
1
What is 2 + (8 - (-2 - -4))?
8
What is the value of (2 - 1 - 0) + 2?
3
What is 1 - (-4 + 10 + -3)?
-2
-6 + (4 - 2) - -3
-1
What is (-17 - (-7 - 1)) + 6?
-3
-3 + -3 + 11 + -7
-2
Calculate 3 + -1 + (-1 - (-2 - -11)).
-8
-4 + (2 - 1) + 6 + -1
2
Evaluate 3 + (-4 - 6) - -5.
-2
What is the value of (1 - -2) + (-15 - -10)?
-2
-21 + 10 + 1 - -1
-9
Calculate 3 + -8 - (